in base 3?
101021102122002
What is 1720547 (base 8) in base 16?
7a167
1258134 (base 13) to base 4
111312323010
-378157 (base 9) to base 2
-110111111010101111
Convert -10125 (base 13) to base 4.
-13001121
180620 (base 10) to base 15
387b5
Convert -111020200210 (base 3) to base 4.
-333222120
-1027661 (base 8) to base 9
-457306
Convert 257676 (base 8) to base 3.
11120112001
-303342111 (base 6) to base 7
-62160046
Convert -11031013231 (base 4) to base 3.
-2120022200121
Convert -1b2144 (base 12) to base 4.
-1311111010
Convert 162722 (base 9) to base 3.
12002210202
Convert 260216 (base 8) to base 14.
24c6a
What is 111033132 (base 5) in base 16?
76d0b
Convert -4b55e2 (base 16) to base 11.
-2872421
Convert -34c4a (base 15) to base 10.
-168145
2886304 (base 9) to base 2
110000100110000111111
efd73 (base 16) to base 11
61109a
What is -20155425 (base 6) in base 15?
-b572e
Convert 116014521 (base 7) to base 8.
33656337
Convert -203021320 (base 4) to base 5.
-14101432
Convert -1c1c5 (base 13) to base 15.
-1158a
What is 32023010 (base 5) in base 13?
94851
Convert 2399e2 (base 16) to base 2.
1000111001100111100010
Convert c1c9 (base 13) to base 2.
110100001001010
45cb5 (base 14) to base 5
20414040
Convert -150a3bb (base 13) to base 8.
-31451361
Convert -483a4 (base 15) to base 8.
-701671
Convert -200132040 (base 6) to base 13.
-9106aa
Convert -1304201 (base 6) to base 7.
-413524
Convert 377dd1 (base 15) to base 6.
132555154
204035155 (base 6) to base 12
1232abb
-23404000 (base 5) to base 15
-44085
What is 310381 (base 11) in base 15?
9c966
What is -1648 (base 12) in base 4?
-221120
5537705 (base 10) to base 13
11bb764
Convert 284821 (base 12) to base 9.
1233277
15440 (base 9) to base 7
42543
What is -321310200 (base 4) in base 7?
-2004321
What is a3b304 (base 12) in base 4?
21303123310
129560 (base 15) to base 16
d9d37
What is 42e26d (base 15) in base 3?
12222220010111
What is 1352241 (base 6) in base 10?
76993
Convert -4194d (base 16) to base 6.
-5431341
Convert -13152163 (base 7) to base 8.
-4463502
What is 10301321111 (base 4) in base 14?
248885
-12396c (base 14) to base 16
-9886c
-220131320010 (base 4) to base 8
-50357004
What is 637b (base 15) in base 11?
14899
What is 672369 (base 11) in base 9?
2013322
What is -221014431 (base 5) in base 4?
-3220333332
What is 2310223103 (base 4) in base 16?
b4ad3
-4b4b67 (base 15) to base 5
-1411013242
-242101 (base 7) to base 15
-d054
-ba591d (base 14) to base 7
-104453136
422389 (base 11) to base 4
2211030000
2723 (base 12) to base 13
2076
11100111111110110010011 (base 2) to base 11
4322185
-1055d4 (base 14) to base 7
-4461254
What is 34033034 (base 6) in base 9?
1841224
Convert 1244004 (base 7) to base 13.
58b03
Convert -52a562 (base 16) to base 7.
-64015635
Convert -2382804 (base 9) to base 13.
-364369
What is 1230213302 (base 4) in base 13?
127682
11011100110111111111 (base 2) to base 15
12d0d8
What is 111331 (base 9) in base 8?
202062
-1121111221112 (base 3) to base 11
-535589
What is -11cd8e (base 15) in base 12?
-351b5b
7196729 (base 11) to base 6
1132132215
What is 2521555 (base 7) in base 15?
6635d
Convert -100001011100000111011 (base 2) to base 13.
-2c4988
What is 12510300 (base 6) in base 11?
262769
What is -2124421220 (base 5) in base 16?
-451d98
Convert b9685 (base 13) to base 3.
122000121220
What is -119d40 (base 14) in base 12?
-251330
What is 100020042 (base 6) in base 3?
10011110120222
Convert 32003444 (base 5) to base 7.
2155605
Convert 2bc87 (base 15) to base 13.
4c369
240091 (base 12) to base 7
4636024
Convert -3343626 (base 11) to base 16.
-596f1b
Convert -1211431332 (base 5) to base 10.
-2842717
What is 1210300310 (base 4) in base 11?
2620a4
53a07 (base 12) to base 8
327347
What is -10011011000010100 (base 2) in base 3?
-11000220000
What is 1101111101011000 (base 2) in base 7?
325460
What is 7007607 (base 8) in base 11?
1046723
What is 273283 (base 10) in base 3?
111212212121
What is -aeb8ea (base 15) in base 7?
-130621444
Convert -11100100010110011110 (base 2) to base 5.
-214412301
Convert -94170 (base 13) to base 8.
-1007561
What is -11011100001011111100 (base 2) in base 12?
-375b10
97733 (base 10) to base 15
1de58
142148 (base 11) to base 13
7a337
What is -434b6b (base 12) in base 8?
-4042203
Convert 275888 (base 15) to base 14.
37369a
100011011000011110001 (base 2) to base 5
244100114
What is -2608ab (base 13) in base 3?
-1201111202101
What is 63c3 (base 14) in base 9?
25556
2b8b1 (base 13) to base 6
1435133
What is -81926 (base 13) in base 5?
-24412423
What is -10012010311 (base 4) in base 3?
-2000112111211
Convert 120221212112111 (base 3) to base 13.
19ac26c
What is -114102202 (base 6) in base 12?
-87a962
Convert -295795 (base 11) to base 3.
-212110000202
3684163 (base 9) to base 14
3a2543
-1a1cb50 (base 14) to base 15
-12164d1
Convert -177dc (base 14) to base 3.
-10000012020
What is 1001011100001010 (base 2) in base 6?
455002
What is 11b957 (base 12) in base 13?
a1c80
What is 96689 (base 14) in base 13?
c95bc
What is -22c0ba (base 15) in base 14?
-3132b9
-217644 (base 10) to base 4
-311020230
What is -6558 (base 14) in base 5?
-1030042
What is 85559 (base 11) in base 15?
26d1c
What is 1024204 (base 7) in base 5?
12431200
4769020 (base 11) to base 5
4112012243
What is 19b36b3 (base 12) in base 9?
11241330
Convert -5248144 (base 11) to base 6.
-530124440
-38a725 (base 11) to base 13
-1868b7
Convert -95a17 (base 11) to base 3.
-21002120022
-15001602 (base 7) to base 3
-2122202111010
What is 7466313 (base 10) in base 3?
112001022212010
Convert e53a (base 16) to base 4.
32110322
Convert -b6076 (base 12) to base 3.
-110010020100
What is -82003b (base 12) in base 4?
-13300020233
Convert -8f945a (base 16) to base 11.
-5347656
-2b304 (base 15) to base 3
-21001202011
What is 12101568 (base 10) in base 16?
b8a7c0
Convert 3164431 (base 7) to base 13.
106771
Convert -130037 (base 11) to base 8.
-620326
1120002002210 (base 3) to base 13
22cc92
Convert 4265335 (base 7) to base 8.
1770470
What is 101110100000111010011010 (base 2) in base 8?
56407232
Convert -5316321 (base 7) to base 16.
-9d0d7
What is 313020213032 (base 4) in base 13?
2cc07b6
Convert 2035554 (base 6) to base 9.
160087
111110010001110101100 (base 2) to base 12
824ba4
What is 178b872 (base 14) in base 9?
23801123
Convert -5365b5 (base 13) to base 14.
-38cd35
What is 2bfdb (base 16) in base 9?
304147
-143176 (base 9) to base 16
-1564e
Convert -27757 (base 13) to base 12.
-36824
120202010000 (base 3) to base 5
34404111
-3e58b0 (base 15) to base 14
-58353d
What is -120100202320 (base 4) in base 3?
-102222002012211
What is 1110233002 (base 4) in base 2?
1010100101111000010
What is 1120110 (base 4) in base 16?
1614
Convert 314110034 (base 6) to base 2.
10101000010010100000110
Convert -34404035 (base 6) to base 2.
-100000010011001110111
What is 3341154 (base 6) in base 16?
2933e
What is -3a9c0c (base 14) in base 15?
-29ed97
What is -1001110000010111000 (base 2) in base 15?
-64ab7
5b579 (base 14) to base 13
7a87b
41529 (base 12) to base 11
591aa
What is -430938 (base 12) in base 13?
-2b0c70
Convert 647057 (base 8) to base 14.
58d31
3b29 (base 13) to base 5
232420
Convert 46f99f (base 16) to base 11.
2697757
2154460 (base 7) to base 6
5410104
Convert -ed8b (base 15) to base 4.
-30102002
Convert -479a1 (base 11) to base 14.
-1b265
-11267562 (base 10) to base 15
-ec880c
Convert 1b1dc (base 15) to base 16.
15876
What is -1102021100102 (base 3) in base 5?
-143101221
Convert -98810 (base 11) to base 9.
-237628
Convert 2a4597 (base 11) to base 6.
14100551
1101372 (base 8) to base 15
5c919
-10221000122212 (base 3) to base 8
-7753740
Convert 11012110122 (base 3) to base 13.
2b85c
874db (base 14) to base 11
20407a
Convert 1101011110001101 (base 2) to base 8.
153615
What is -1223021121 (base 4) in base 6?
-13223453
What is 4cacb (base 16) in base 13?
acc45
Convert -2023243333 (base 5) to base 3.
-21202020122111
-191a44 (base 12) to base 9
-737667
What is 22ab73 (base 14) in base 15?
18541c
What is 1616213 (base 7) in base 2?
110110011101010010
Convert -13b3 (base 12) to base 10.
-2295
Convert -21212120200102 (base 3) to base 9.
-7776612
What is -2ba091 (base 12) in base 15?
-ea2d4
10505050 (base 6) to base 5
40214201
Convert 221200010010 (base 3) to b